t common divisor of k and j?
6
Suppose -l - p + 5*p = -2, -40 = 5*l + 5*p. Suppose 0 = -5*o - 8 - 12. Let j = o - l. Calculate the highest common factor of 16 and j.
2
Let t = -8 + 16. Suppose 0 = 4*p - 0*p - 160. Calculate the greatest common factor of t and p.
8
Let c be ((-104)/12)/((-2)/6). Calculate the greatest common factor of 65 and c.
13
Suppose 2*k = -x + 11 + 25, 0 = -3*k + 12. Let f = x - -17. Let g be ((-30)/7)/(6/(-42)). Calculate the greatest common divisor of f and g.
15
Let u be 3 + -5 + 3 + -3. Let b be (-64)/12*63/u. What is the greatest common divisor of 24 and b?
24
Let z(i) = -5*i**3 - i**2 - i - 1. Let s be z(-1). Suppose -s*h = -8*h + 220. Calculate the highest common factor of h and 22.
11
Suppose -2*w + 0*w = -26. Let l be 0/2 - 429/(-3). What is the greatest common divisor of l and w?
13
Suppose -4*h = -2*o + 80, 8*h + 160 = 4*o + 4*h. Suppose 2*k = -10, 2*k + k + 135 = 2*s. Calculate the highest common factor of o and s.
20
Suppose -g + 5*w = -3*g + 9, -3 = g + 5*w. Calculate the greatest common divisor of g and 36.
12
Suppose -9*f = -18*f + 315. What is the highest common factor of f and 7?
7
Let g(u) = 5*u**2 + 3*u - 2. Let z be (-18)/5 + (-8)/20. Let k be g(z). Calculate the highest common factor of k and 6.
6
Let j be 4/(-10) - (-182)/5. Suppose 3*h - 2*z - 53 = 23, -14 = -h - 5*z. What is the highest common factor of h and j?
12
Let n(d) = -20*d**2 + d. Let h be n(-1). Let o be h*2*(-1)/2. What is the greatest common factor of o and 231?
21
Let o be ((-297)/(-12))/((-3)/(-12)). Calculate the greatest common factor of o and 11.
11
Let x(t) = t**3 + 6*t**2 + t + 2. Let s be x(-5). What is the greatest common factor of 154 and s?
22
Let l(g) = g**2 + 4*g - 13. Let j be l(-7). Suppose -d + 126 = 4*n, -3*n = -n - j. What is the greatest common divisor of d and 22?
22
Suppose 4*k - 8*k + 56 = 0. What is the greatest common divisor of 70 and k?
14
Suppose 0 = -5*s - 169 + 449. Let u(o) = -3*o**2 - 4*o + 1. Let j be u(-3). Let t be (j/8)/(1/(-4)). Calculate the highest common divisor of s and t.
7
Suppose 0 = -d - 26 + 88. Suppose -5*y + d = z, -8 = -y - 0*z + 2*z. What is the greatest common factor of y and 84?
12
Let k = 4 + -14. Let p = -1 - 5. Let l = p - k. What is the greatest common factor of l and 32?
4
Let h = 21 + -13. Calculate the greatest common divisor of h and 64.
8
Suppose -k + 4 = k. Suppose t = 2*d - 5*d, -3*d - 12 = 5*t. Let p(z) = z**2. Let j be p(d). What is the greatest common factor of k and j?
1
Suppose 0 = 3*l - 3*f - 549, 0 = 3*l - 3*f + f - 546. Suppose 4*h - 1472 = l. Suppose 2*c - 27 = h. What is the greatest common factor of 20 and c?
20
Let m be 1/(-3)*(-23 - -14). What is the greatest common divisor of 39 and m?
3
Suppose -4*k + 260 = 2*b - 6*k, 2*b - 268 = 4*k. Let w = 211 - b. What is the highest common factor of 17 and w?
17
Let p = -2 + 9. Let r(n) be the second derivative of -n**3/6 + 2*n. Let o be r(-1). What is the highest common divisor of o and p?
1
Suppose -8*p + 8 = -32. What is the greatest common divisor of p and 5?
5
Let f(j) = j**3 + 15*j**2 + 33*j + 29. Let v be f(-12). What is the highest common divisor of 78 and v?
13
Suppose -4*c = -245 - 63. Let i(x) = x**2 + x - 1. Let z be i(3). What is the greatest common divisor of z and c?
11
Suppose 4*f = -r + f + 22, 5*r - 76 = 2*f. What is the highest common factor of r and 16?
16
Let y(o) = -4*o - 6 + 0*o + 3*o. Let r be y(-10). What is the highest common factor of 32 and r?
4
Suppose -g + 4*x + 16 = 0, 5*x - 71 = g - 3*g. Calculate the highest common factor of 42 and g.
14
Let z be -8*(-15)/6*12/15. Calculate the highest common factor of z and 112.
16
Let y be (-18)/(-45) - 18/(-5). Suppose 4*r - y = 2*r. What is the greatest common divisor of r and 6?
2
Suppose -2*c + 594 = 2*g, -2*c + 629 = -5*g + 63. Let a = c + -83. Calculate the highest common divisor of 21 and a.
21
Let d = 1 + -9. Let u = -3 - d. What is the highest common factor of 15 and u?
5
Suppose 595 = 23*o - 6*o. Calculate the greatest common factor of o and 35.
35
Let v be (89 - -3) + 1/(-1). Calculate the greatest common factor of v and 13.
13
Suppose 2*i - 4*i + 2*j + 4 = 0, 3*j + 6 = 0. Suppose -2*o = -3*z - 19, i = -0*o - 5*o - 2*z + 57. What is the greatest common factor of o and 55?
11
Suppose 120 = 12*f - 8*f. What is the greatest common factor of 6 and f?
6
Suppose -5*s = 4*q - 16, -3*s + 0*q + q + 13 = 0. Suppose -s*v - 162 = -2*y, -y = -3*y - 4*v + 138. What is the highest common divisor of 15 and y?
15
Let r = 108 + -72. Suppose 24*q - 19*q - 35 = -5*u, 0 = 4*u + 2*q - 22. What is the greatest common factor of r and u?
4
Let k = 8 - 6. Suppose -3*q + 90 = k*q. What is the highest common divisor of 72 and q?
18
Let c(j) = 4 - 2*j**3 - j**3 - 5*j**3 + 5*j**3 - 6*j - 7*j**2. Let u be c(-5). Calculate the greatest common divisor of 26 and u.
26
Let i(m) = -4*m - 1. Let n(b) = 3 - 7*b + 1 - 7. Let z(w) = 13*i(w) - 6*n(w). Let r be z(-6). What is the greatest common factor of r and 13?
13
Let n be 2 + (-1)/1 - -11. Let r = n - 7. Let t = 7 - 6. Calculate the highest common factor of r and t.
1
Let u(p) = 3*p - 1. Let b be u(8). Suppose -2*x = 4*j + 38, -b - 2 = 5*j. Let g = -5 - x. What is the greatest common divisor of 12 and g?
4
Suppose -i + 58 = -14. What is the highest common divisor of i and 18?
18
Suppose 4*l + 2 = -10. Let n be (6/4)/(l/(-66)). Suppose -5*v = 3*u - 64, v = -2*v - 2*u + 39. What is the greatest common divisor of v and n?
11
Suppose -22 = -5*n - 2*a + 37, -5*n + 5*a = -45. Calculate the greatest common factor of n and 99.
11
Let b(q) = q**3 + 5*q**2 - 7*q - 5. Let g be b(-6). Let j = g - -1. Suppose -8 = x - j*x. What is the highest common factor of x and 12?
4
Let g be 1/(-2)*(-3 + -5). Suppose g*j - j - 33 = 0. What is the highest common factor of 88 and j?
11
Let n(x) = -x**3 - x**2 + x + 13. Let u be n(0). Let l(v) = 2*v + 16. Let q be l(u). What is the highest common factor of q and 28?
14
Suppose -3*r - 2*m + 267 = 56, -5*r = -4*m - 315. Let x = 32 + -69. Let f = x + r. Calculate the highest common divisor of f and 45.
15
Let h be (25 - 0)*(-7)/(35/(-30)). Calculate the greatest common factor of h and 30.
30
Suppose -301 + 901 = 5*j. Calculate the greatest common factor of 15 and j.
15
Let g be (-198)/(-12)*(-4)/(-6). Let i = g + -5. Let d(q) = -q**3 + 6*q**2 + 8*q - 6. Let w be d(6). What is the greatest common divisor of w and i?
6
Suppose 0 = 2*h - 4*h + 6. What is the highest common divisor of h and 1?
1
Suppose 2*g = -2*i + 56 - 4, 5*g = i + 100. What is the highest common divisor of 21 and g?
21
Let d(z) = 5*z**3 - 13*z**2 - z + 1. Let j be d(3). What is the greatest common factor of 144 and j?
16
Let z(s) = 4*s + 4. Let f be z(5). Suppose 8 - f = -2*m. Let y(w) = -w**3 - 3*w**2 - 2*w - 4. Let o be y(-4). Calculate the greatest common divisor of o and m.
4
Suppose -2*j - 146 = w, -4*w - 100 - 259 = 5*j. Let c be ((-24)/5)/(5/j). Let a be -12*1/(2/(-3)). What is the highest common factor of c and a?
18
Let p be (3 - -2)*1/5. Let l be (-15)/(-5) + 6*p. Calculate the greatest common factor of l and 9.
9
Let v(b) = -2*b**2 + 9*b - 15. Let k(d) = 6*d**2 - 27*d + 44. Let l(g) = 6*k(g) + 17*v(g). Let x be l(-7). What is the highest common factor of 68 and x?
34
Let l be 126/12*8/3. Suppose 5 + l = 3*t. What is the highest common divisor of 77 and t?
11
Let o be 33 + (-3)/(-2 - -1). Let b = o + -15. Calculate the greatest common divisor of 14 and b.
7
Let q be (-169)/(-5) + (-1)/(-5). Calculate the highest common divisor of q and 51.
17
Let r be (3/12)/((-3)/(-12)). Suppose t + r = 4. What is the highest common factor of t and 21?
3
Let s = -7 + 15. What is the highest common factor of 1 and s?
1
Suppose 5*a - 2*j - 110 = 0, -75 = -2*a - 5*j - 31. What is the greatest common factor of 88 and a?
22
Suppose -10*l = -6*l - 576. Calculate the greatest common factor of l and 48.
48
Let p be (-4)/10 - 756/(-15). Suppose 3*l - p = -g + 57, -5*g - 41 = -l. Let c = l + -16. What is the highest common factor of c and 8?
4
Let x = 10 - 65. Let u = 2 - x. Let s be u/18 - (-2)/(-12). What is the highest common factor of s and 21?
3
Let q(r) = -42*r. Let t be q(-1). Let x be 8/2*(-3)/(-2). Calculate the greatest common divisor of x and t